89 + -27 - 35 - 50
-23
26 + -1 - (61 - (-15 - -74))
23
What is 10 + 0 + -6 - (10 + 0 + -11)?
5
-12 + (-14 - -40) - 16
-2
Calculate -1 + -12 + 18 - 16.
-11
What is the value of 109 + -137 + 0 + 4 + (-9 - 0)?
-33
Calculate 0 + (-40 - -13) + (3 + 5 - 1).
-20
-56 + 57 + 4 + 1
6
What is the value of -26 + (48 - 25) + 15 + -1?
11
What is the value of (-6 - -12) + 1 + (8 + -17 - -18)?
16
Calculate (9 + 9 - 9) + 21 + (0 - 1).
29
Evaluate 9 - (117 + -115 - (9 + 1)).
17
Evaluate 8 + 1 + (-13 - 4).
-8
3 - 1 - (24 - (14 + 3))
-5
What is 3 + -10 + -51 + 49 - 10?
-19
Evaluate -24 + 6 - (30 + -32).
-16
What is 17 + -4 + -7 + -20?
-14
What is the value of -6 + (-8 - -15) - (-10 + 2 + -8)?
17
Evaluate -532 + 509 - (-28 - 1).
6
What is (2 - 1) + 30 + -34 - -2?
-1
Evaluate (9 + -23 - (-24 + 3)) + -1 + -4.
2
What is the value of 1 + -10 + -677 + 683?
-3
Calculate 25 + -2 + -22 + 2 + -22 + 36.
17
What is the value of -1685 + 1717 + (2 - 1) + -5?
28
What is 9 + (-19 - (-20 - -12))?
-2
What is 5 + (12 - (14 + -7)) + 0?
10
Calculate 19 - (15 + 4 + -9).
9
Evaluate (11 - 14) + (4 - 0) + -5.
-4
What is 9 - (-3 + -25 + 43)?
-6
What is the value of -80 + 77 - (0 - -10)?
-13
What is the value of -1 + 9 + -2 + 55 + -64?
-3
37 + -36 + 18 - (3 + 0)
16
(-1273 - -1259) + 0 + 0 + 37
23
Calculate 11 + (-3 - 7 - -11) + 3.
15
15 - ((-31 + -1 - -26) + -2 + 8)
15
What is the value of -10 - 1 - -8 - -3 - (25 - 1)?
-24
Calculate 1 + (-86 - -88 - (-1 + -4)).
8
Calculate 13 - 15 - (8 + -4).
-6
Evaluate -26 + 0 - (-1118 - -1108).
-16
What is -32 - (21 + -44 - -4)?
-13
Evaluate (2 - (11 - 4)) + (0 - -3).
-2
Evaluate -9 - (25 + (-7 - 42)).
15
10 - (-10 + (-1 - (4 - 17)))
8
(2 - 10) + 2 + (9 - 7) + -14
-18
Calculate (7 - (24 - 16) - -1) + 0 + -15.
-15
What is the value of -1 + -21 + (-6 + -11 + 17 - -6)?
-16
Calculate 78 - (123 + -53) - (13 - 1).
-4
What is -1 + -10 + 21 + -15 + 6?
1
Calculate (14 - 13) + -1 + 0.
0
(-2 - -32 - 0) + -31 + 32 + -6
25
Calculate -11 - (9 - (-2 - -4) - 8).
-10
What is 6 - 5 - ((5 + 4 - 3) + -6)?
1
Calculate (1 - 7) + ((9 - 22) + 9 - -11).
1
-4 - (-72 - -55) - (0 - -24)
-11
What is -11 - 2 - (-55 + 73) - -11?
-20
What is the value of -13 + -7 - -6 - (-12 - -8)?
-10
What is -21 - (-9 + 1 + 9)?
-22
What is 1 - (-5 + 9 - -2) - -6 - -2?
3
What is (-8 - 0) + (11 - 8) + -4 + -2?
-11
Evaluate 2 + 0 - (172 + -184).
14
Evaluate 29 - 1 - ((-10 - -1) + (427 - 416)).
26
What is 8 + -12 - (2 + -6)?
0
Evaluate (7 - (-10 + 1 - 2 - -20)) + -13.
-15
Evaluate (-12 - (-6 - -2)) + (-5 - (-7 + -1)).
-5
Evaluate -15 + -39 + (27 - -30).
3
What is 21 + -27 + (4 - 0) + 0 + 6?
4
-29 - 16 - -37 - (0 - 25)
17
Evaluate -3 - (-9 - (-15 - -8 - -2)).
1
What is the value of (3 - 2) + 182 + -191?
-8
Evaluate -14 - 2 - (-7 + 9 - 5).
-13
What is (33 - 21) + 13 + -24?
1
What is (14 - 4) + (5 - 2) - 0?
13
Calculate (-19 - -7) + (-137 - -130).
-19
What is (0 - (-15 + 28)) + 14?
1
Calculate 29 + 0 + 2 + -8 + -3.
20
(-2 - -5) + 19 + -18 + 7 + -1
10
What is 2 + -11 + -17 + 14 + 7 + 3?
-2
What is 38 - (-3 + 32) - 22?
-13
Evaluate (-1 - 24) + 20 - (-14 - 0).
9
What is the value of -2 + -14 + -22 + 37?
-1
What is (11 - 50) + 26 + -5?
-18
Evaluate (160 - 161) + (-18 - -4).
-15
Calculate -2 - (3 - (13 - 19)) - 1.
-12
What is the value of -6 + 8 + 2 + (-3 - 1) + 12?
12
What is the value of -53 - (-38 - (36 - 56))?
-35
Evaluate (5 - 16) + 18 + -9.
-2
What is 15 + -9 - -8 - 3?
11
What is 1 + 16 + -216 + 215?
16
What is the value of 6 + -11 - -27 - (93 - 100)?
29
Evaluate 1 - (3 + -2 - 6).
6
Evaluate -19 + 8 + 18 - ((0 - 0) + 11).
-4
Calculate -43 - -47 - (1 + 3).
0
What is the value of (0 - (16 - (-1 + 4))) + (-48 - -52)?
-9
2 + 5 + -1 + (3 - -10) + -6
13
Evaluate 7 + -2 + -2 + (13 - (12 + -6)).
10
What is the value of 12 - ((-13 - -8) + -5 + 34)?
-12
(-3 - -2) + 9 + 2 + -13 + 0
-3
What is -48 - (-24 + (20 - 28))?
-16
5 + (-6 - 7 - 5) + 10
-3
-9 - (-11 + -2 + -6)
10
(-20 + 16 - -8) + (1 - 4)
1
Evaluate (20 - 3) + -53 + 39.
3
Evaluate -15 + 15 + (-2 - (-12 - -28)).
-18
What is -4 + 50 + 9 - (17 - -2)?
36
What is -15 + 0 + 30 + -3?
12
What is 8 - (16 - (23 + -4))?
11
Evaluate 0 - (-4 + (8 - (-6 + 12))).
2
(3 - (37 - (-6 + 4))) + (-6 - -16)
-26
Evaluate -23 + (56 - 35) - (3 - -1).
-6
Calculate -4 - (-9 + (14 - 8 - 5)).
4
What is the value of -10 + -3 - -4 - (-17 + 22)?
-14
(4 - 1) + 8 + (-9 - -7)
9
Calculate 4 - (2 - ((6 - -6) + -3)).
11
Evaluate (-41 + (-2 - (-5 - -6)) - 0) + 11.
-33
What is the value of -14 + -14 + 29 + 19?
20
Evaluate -4 - (-1 + -7) - 1 - 8.
-5
-11 - (68 + -37) - -13
-29
What is the value of 15 - (14 + 6 - -6)?
-11
Calculate (-20 - -1) + -83 + 100.
-2
Calculate (-6 - -1) + 26 + -10.
11
What is -12 + -5 - (-22 + (-24 - -33))?
-4
Evaluate 3 + (7 + (9 - 22) - -2).
-1
What is the value of 17 + 4 + -5 + (-9 - -14) - 6?
15
What is the value of -91 + 87 + -2 + -2?
-8
What is -5 + 6 + -9 - ((2 - -3) + 12)?
-25
-7 - (5 - (-15 + 23))
-4
What is the value of -2 - (1 - 3 - -3) - (-53 - -48)?
2
What is the value of -5 + 2 + 12 + (111 - 121)?
-1
-29 + 33 - (20 - 3)
-13
Evaluate (29 - (17 + -19 + 17)) + 8.
22
6 - (1 + -4 + (-5 - -10) + -1)
5
What is the value of 15 + -16 + 1 + 1 + -2 + -29?
-30
What is the value of (119 - 115) + (0 - -10) - 15?
-1
Calculate (14 - 0) + (-9 - -13 - -5) + -11.
12
What is 2 - ((-6 - -1) + -10) - 6?
11
Calculate 298 + -287 + -12 + 0.
-1
Calculate (6 - (5 - 9)) + -3 + -2 + 15.
20
Calculate -6 - (2 + (-4 - 0)) - (571 - 576).
1
Evaluate (3 - 2) + -26 + 29.
4
Calculate -28 - (21 + -56 + 28).
-21
What is 37 + (17 - 67) - (-28 - -2)?
13
Calculate 12 - (15 - -4) - (1 + (2 - 1)).
-9
-6 - (-50 - (-10 - -3) - -13)
24
What is the value of 3 + 18 + -4 + -25?
-8
12 + -3 - (19 - 5)
-5
-24 + 21 + -21 + 6
-18
Calculate -42 + 73 - 70 - 1.
-40
Calculate (-86 - -78 - (0 + 11)) + 14.
-5
Calculate -7 + (-5 - (-2 - -4)) + 7 + -3.
-10
Calculate (6 - 1 - (6 + -4)) + -21 + 11.
-7
What is the value of -1 - (-13 + 12 + 12)?
-12
(71 - 95) + (3 - 2)
-23
3 - (-2 - (3 + 3 + -12))
-1
What is the value of (10 - 4) + -11 + -10 + -1?
-16
Calculate 2 - ((-14 - -33) + -18).
1
Evaluate 12 + (-9 - -3 - (3 - (-3 - -5))).
5
(29 - 1) + (60 - 75)
13
What is 3 + 1 + -9 + -8 + 30 + -8?
9
Evaluate 9 + (-5 - 4) - ((4 - 5) + 10).
-9
What is -4 + 3 + -19 + 6?
-14
36 + (-22 + 9 - 6)
17
Evaluate -7 - (22 + (26 - 40)).
-15
What is the value of 0 + (-8 - -6) - -23 - (-9 + 17)?
13
What is the value of -12 + (-54 + 53 - (3 + -1))?
-15
Calculate -2 - (5 - 17 - -25).
-15
Evaluate 1 + -9 - (1 + 5 + -24).
10
What is the value of 33 + -11 + (-10 - -20) + 2 + -10?
24
What is the value of (-6 - (-5 + (4 - 1) + 1)) + 17?
12
Calculate 5 + -1 + -55 + 42.
-9
3 + (-9 - -5) - (3 + -8)
4
Evaluate 2 - 5 - (-2 - (-11 - -14 - 7)).
-5
-2 + 4 + 0 + 14 + -7 + -1
8
What is the value of (-56 - -51) + (2 + -2 + -2 - 1)?
-8
What is the value of (-31 - -14 - -16) + -11?
-12
What is (-25 - -20 - -1) + 18?
14
What is the value of 5 + (6 - 24 - -4) - -16?
7
What is the value of -7 + 47 - 6 - (2 - 3 - -9)?
26
What is the value of -2 - (-7 + 6 + -3)?
2
What is the value of -15 + 3 - (-13 + -14 + 12)?
3
What is the value of -9 + 4 + 28 + (-32 - -23)?
14
What is the value of 21 - 6 - (93 + -86)?
8
Calculate -32 + -15 + (88 - 43).
-2
Evaluate (-29 - 3) + 8 - -1.
-23
-6 + 1 + 11 + -12
-6
Evaluate 23 - (12 + 15 - 30).
26
What is the value of 1 - (-30 + 3) - (45 - 35)?
18
Calculate (12 - -11 - 8) + -22.
-7
Evaluate -798 - -826 - (3 + 0).
25
What is (40 - (-21 - -50)) + 7 + -1?
17
What is the value of 76 + -57 + -1 + 0?
18
-17 - (13 + -46) - 14
2
Calculate 21 + 25 + -20 + -12.
14
What is the value of 11 - (-24 + 31 - (7 - -1))?
12
1 + -11 + 10 + 6 + -9
-3
Evaluate (38 - 29) + 0 - (0 - -15).
-6
What is the value of 16 - ((2 - 7) + 17) - (3 - -1)?
0
What is the value of 0 + -2 - (8 - 22 - (-16 + -4))?
-8
Evaluate 97 + -97 + (6 - 1) + -3.
2
-3 - -35 - (-324 + 357)
-1
161 + -188 - (-8 - 0)
-19
Evaluate -9 - (-5 + (-1 - (-1 - -1))) - 14.
-17
What is 9 - 18 - (3 + -2 + 1)?
-11
17 + -8 + -45 + (4 - -10)
-22
-4 - (-11 + 0 + (25 - 19))
1
What is -10 - (18 + (-27 - -15))?
-16
Evaluate 5 - (-9 + 25 + -47).
36
What is -22 - (-6 + -4 - -5) - -2?
-15
What is the value of 11 - (-8 + 2 - -5) - 9?
3
What is the value of (-5 + 6 - -6) + -21 + 4?
-10
4 - ((1 - 1) + 6 + -11 - -6)
3
What 